sands digit of 2674113?
7
What is the hundred thousands digit of 240864?
2
What is the units digit of 3531633?
3
What is the ten thousands digit of 715092?
1
What is the thousands digit of 6451741?
1
What is the hundreds digit of 200861?
8
What is the units digit of 652626?
6
What is the thousands digit of 550304?
0
What is the ten thousands digit of 896852?
9
What is the hundreds digit of 39371?
3
What is the hundreds digit of 3891278?
2
What is the ten thousands digit of 2627282?
2
What is the hundred thousands digit of 605836?
6
What is the millions digit of 2491647?
2
What is the ten thousands digit of 401738?
0
What is the hundreds digit of 525821?
8
What is the thousands digit of 3727549?
7
What is the thousands digit of 2131001?
1
What is the ten thousands digit of 1161267?
6
What is the thousands digit of 53705?
3
What is the units digit of 748605?
5
What is the hundreds digit of 414494?
4
What is the tens digit of 1480441?
4
What is the millions digit of 6967969?
6
What is the units digit of 778008?
8
What is the thousands digit of 531288?
1
What is the thousands digit of 6080492?
0
What is the ten thousands digit of 279871?
7
What is the ten thousands digit of 376215?
7
What is the units digit of 1552464?
4
What is the units digit of 829379?
9
What is the ten millions digit of 13139464?
1
What is the units digit of 8786255?
5
What is the ten thousands digit of 1424417?
2
What is the tens digit of 1402119?
1
What is the ten thousands digit of 354733?
5
What is the tens digit of 618291?
9
What is the ten thousands digit of 455507?
5
What is the thousands digit of 4028188?
8
What is the thousands digit of 444242?
4
What is the ten thousands digit of 638304?
3
What is the hundred thousands digit of 12485351?
4
What is the ten thousands digit of 289616?
8
What is the hundred thousands digit of 362716?
3
What is the units digit of 4184623?
3
What is the thousands digit of 121639?
1
What is the ten thousands digit of 650661?
5
What is the hundreds digit of 452871?
8
What is the tens digit of 25574481?
8
What is the hundreds digit of 220108?
1
What is the thousands digit of 1145779?
5
What is the millions digit of 2080937?
2
What is the thousands digit of 309779?
9
What is the tens digit of 423902?
0
What is the ten thousands digit of 12564672?
6
What is the ten millions digit of 40765039?
4
What is the units digit of 42204?
4
What is the tens digit of 645?
4
What is the thousands digit of 2798628?
8
What is the thousands digit of 248488?
8
What is the ten thousands digit of 230097?
3
What is the tens digit of 147653?
5
What is the units digit of 29450927?
7
What is the hundred thousands digit of 337652?
3
What is the hundreds digit of 2818361?
3
What is the ten thousands digit of 13020123?
2
What is the thousands digit of 6330?
6
What is the units digit of 22920966?
6
What is the ten millions digit of 11153210?
1
What is the tens digit of 1132096?
9
What is the hundred thousands digit of 1898987?
8
What is the units digit of 102320?
0
What is the hundred thousands digit of 470547?
4
What is the ten millions digit of 20218642?
2
What is the millions digit of 13763148?
3
What is the ten thousands digit of 60679?
6
What is the tens digit of 1652077?
7
What is the millions digit of 1043500?
1
What is the thousands digit of 50308?
0
What is the ten thousands digit of 2283818?
8
What is the tens digit of 4087105?
0
What is the units digit of 4212643?
3
What is the tens digit of 151307?
0
What is the units digit of 1558714?
4
What is the tens digit of 444704?
0
What is the tens digit of 2069882?
8
What is the hundred thousands digit of 1592325?
5
What is the hundreds digit of 103816?
8
What is the units digit of 30427464?
4
What is the hundreds digit of 3310356?
3
What is the tens digit of 909046?
4
What is the thousands digit of 564668?
4
What is the hundred thousands digit of 1097745?
0
What is the hundreds digit of 1160994?
9
What is the tens digit of 293014?
1
What is the units digit of 169864?
4
What is the thousands digit of 895607?
5
What is the hundred thousands digit of 374444?
3
What is the hundred thousands digit of 284584?
2
What is the hundred thousands digit of 6732802?
7
What is the units digit of 11899?
9
What is the ten thousands digit of 25961293?
6
What is the ten thousands digit of 11095731?
9
What is the tens digit of 3842626?
2
What is the hundreds digit of 4326126?
1
What is the hundreds digit of 649356?
3
What is the tens digit of 1612992?
9
What is the hundred thousands digit of 5509782?
5
What is the millions digit of 16668067?
6
What is the units digit of 160623?
3
What is the tens digit of 526317?
1
What is the hundreds digit of 724609?
6
What is the units digit of 1608461?
1
What is the units digit of 250847?
7
What is the hundreds digit of 14437232?
2
What is the hundreds digit of 38752221?
2
What is the tens digit of 4250?
5
What is the thousands digit of 5415826?
5
What is the thousands digit of 13218024?
8
What is the units digit of 4403865?
5
What is the millions digit of 7446379?
7
What is the units digit of 457687?
7
What is the thousands digit of 178549?
8
What is the units digit of 5642464?
4
What is the hundreds digit of 634187?
1
What is the thousands digit of 2502430?
2
What is the units digit of 3056241?
1
What is the tens digit of 13402899?
9
What is the thousands digit of 4328177?
8
What is the units digit of 99755?
5
What is the ten thousands digit of 787332?
8
What is the ten thousands digit of 992311?
9
What is the tens digit of 64435?
3
What is the ten thousands digit of 1609965?
0
What is the thousands digit of 2922455?
2
What is the ten thousands digit of 2695970?
9
What is the thousands digit of 524777?
4
What is the hundreds digit of 47359?
3
What is the units digit of 150613?
3
What is the hundreds digit of 181028?
0
What is the hundred thousands digit of 787061?
7
What is the tens digit of 7243976?
7
What is the hundreds digit of 148915?
9
What is the hundreds digit of 27640?
6
What is the ten thousands digit of 2267977?
6
What is the units digit of 3098947?
7
What is the tens digit of 465949?
4
What is the millions digit of 5982611?
5
What is the thousands digit of 1912219?
2
What is the hundreds digit of 1013689?
6
What is the hundreds digit of 980906?
9
What is the ten thousands digit of 5348512?
4
What is the hundreds digit of 794094?
0
What is the tens digit of 159156?
5
What is the thousands digit of 31801801?
1
What is the hundreds digit of 1351779?
7
What is the millions digit of 7213130?
7
What is the units digit of 4483824?
4
What is the thousands digit of 109048?
9
What is the ten thousands digit of 41354?
4
What is the tens digit of 13082050?
5
What is the hundreds digit of 1223385?
3
What is the thousands digit of 516592?
6
What is the thousands digit of 225105?
5
What is the hundreds digit of 158567?
5
What is the thousands digit of 3684376?
4
What is the tens digit of 577304?
0
What is the thousands digit of 28036245?
6
What is the hundred thousands digit of 23313358?
3
What is the units digit of 164120?
0
What is the tens digit of 2164355?
5
What is the units digit of 46797?
7
What is the millions digit of 4080628?
4
What is the ten thousands digit of 432920?
3
What is the hundred thousands digit of 1542046?
5
What is the hundred thousands digit of 1427193?
4
What is the thousands digit of 2101061?
1
What is the hundreds digit of 758836?
8
What is the tens digit of 1915613?
1
What is the hundreds digit of 225453?
4
What is the hundreds digit of 8682101?
1
What is the tens digit of 66994?
9
What is the hundred thousands digit of 3771806?
7
What is the millions digit of 4925411?
4
What is the tens digit of 110050?
5
What is the ten thousands digit of 746807?
4
What is the hundreds digit of 1029905?
9
What is the millions digit of 6981088?
6
What is the hundred thousands digit of 2066762?
0
What is the thousands digit of 7552194?
2
What is the hundred thousands digit of 671595?
6
What is the hundred thousands digit of 12735813?
7
What is the hundred thousands digit of 1475641?
4
What is the tens digit of 6151619?
1
What is the units digit of 292316?
6
What is the units digit of 250059?
9
What is the millions digit of 2535195?
2
What is the hundred thousands digit of 2875493?
8